
Let l(q) be the second derivative of -q**3/6 - q**2/2 + q. What is l(-1)?
0
Let h(a) = 4*a. Let n be h(4). Let y(f) = -n - 2*f**3 - f**2 + f**3 + 15. Calculate y(0).
-1
Let z(u) be the third derivative of -u**4/12 - 2*u**2. What is z(1)?
-2
Let m(k) be the second derivative of k**4/12 - 4*k**3/3 + 5*k**2/2 + 2*k. Suppose 3*x + 2*a - 25 = 0, 10 = a + a. Give m(x).
-10
Let n(u) be the first derivative of 1/24*u**4 + 0*u - 1/2*u**2 + 1/30*u**5 + 2 + 0*u**3. Let x(k) be the second derivative of n(k). What is x(-2)?
6
Let x(c) = -2*c**2 - 9*c + 6. Let p(v) = v**2 + 8*v - 5. Let l(r) = 5*p(r) + 4*x(r). Give l(3).
-16
Let z(u) = 5*u + 1. Let f(n) = n. Let l(b) = -6*f(b) + z(b). Suppose -4*c + 6 = 6. Calculate l(c).
1
Let b(r) = -r**2 - r - 1. Let l(h) = -3*h**2 - 10*h - 6. Let p(t) = 4*b(t) - l(t). Let j(x) = 3*x - 3. Let f be j(3). What is p(f)?
2
Let s(g) be the second derivative of g**4/12 - 2*g**3/3 - g**2/2 - 6*g + 3. Calculate s(4).
-1
Suppose 10 = -2*l + 4*c + 2, -8 = 2*l + 4*c. Let b(h) = -h. Let a(f) = 3*f + 1. Let q(o) = -3*a(o) - 8*b(o). Give q(l).
1
Let v(f) = f**3 - 2*f**2 - 4*f + 1. Let x be v(3). Let k(b) = 9*b + 1. Let j(q) = 18*q + 3. Let m(s) = x*j(s) + 5*k(s). Give m(-1).
-10
Let m(g) be the second derivative of g**3/2 - 3*g**2/2 - g. Calculate m(-3).
-12
Let y be ((-18)/(-8))/((-9)/24). Let z(q) = q - 4. What is z(y)?
-10
Suppose 12 = -c + 5*c. Suppose 0 = -5*h - c - 12. Let x(s) = -3 - s**3 - 2*s**2 - 3 + 4. What is x(h)?
7
Let h(n) = n**2 + 6*n + 1. Suppose 3*w + 0*i + 4*i + 47 = 0, 4*w + 26 = 2*i. Let f be 22/(-3) - (-6)/w. Let j = f + 4. Give h(j).
-7
Suppose 4*z + 2*p - 3 + 11 = 0, 2*z = 3*p + 4. Let i(m) = -13 + 20 - 8 + 9*m. Determine i(z).
-10
Let w(c) = -5*c - 3. Let q(a) = -a**2 - 4*a - 2. Let t(n) = -3*q(n) + 2*w(n). Let r be (-6)/(-9) - (-26)/6. Let f = r - 7. Calculate t(f).
8
Let u(y) be the second derivative of 1/2*y**3 + 1/2*y**2 + 0 + y. Let x(i) = 2*i + 1. Let k(c) = 3*u(c) - 5*x(c). Determine k(-4).
2
Suppose 4 = 6*d - 2. Let n(r) = 4*r. Give n(d).
4
Let y(o) be the first derivative of o**4/12 + 4*o**3/3 + 9*o**2/2 - 10*o - 10. Let v(i) be the first derivative of y(i). Give v(-7).
2
Let r(w) be the first derivative of -w**4/4 + 10*w**3/3 - 9*w**2/2 - 6*w - 28. What is r(9)?
-6
Suppose -10*y + 4 = -6. Let h(l) = -l**2 + l. Calculate h(y).
0
Let x be (-12)/(-30) - (-99)/15. Let r(p) = -p - 7. Determine r(x).
-14
Let z(u) = u + 1. Let h be z(0). Let r(i) = -i - i + 3*i - h. Let k be (6/15)/(1/(-5)). What is r(k)?
-3
Let s(v) = 6*v**2 - 9*v + 2. Let f(i) = 5*i**2 - 8*i + 1. Let u(w) = -5*f(w) + 4*s(w). What is u(5)?
-2
Let j(x) = -x**2 - 8*x. Let r be j(-8). Suppose r = 5*h - h + 4. Let a(g) = g**2 + g. Determine a(h).
0
Let v(a) be the third derivative of a**2 + 0 + 0*a + 1/30*a**5 + 1/30*a**6 + 0*a**4 - 1/6*a**3. What is v(1)?
5
Let k(j) = j - 8. Let h be 3 - 0*(-2)/4. Suppose h*s + 8 = -4*x, -5 = 3*x + 1. Give k(s).
-8
Let r(l) = 0 + 2 - 6*l + l - l**2 + 3. Let o(n) = -n - 2. Let y be o(3). What is r(y)?
5
Let z be (2/(-5))/(2/(-30)). Suppose z*f + 20 = 2*f. Let d(o) be the third derivative of o**5/60 + 7*o**4/24 + 7*o**3/6 + o**2. Give d(f).
-3
Suppose -i = 3*i + 4. Let h(t) = 16877*t + 5*t**2 - 16877*t. What is h(i)?
5
Let c(l) = l**3 - 2*l**2 + 3*l. Let x = -9 - -11. Calculate c(x).
6
Suppose t + 5*f - 16 = 0, 4 + 3 = -5*t + 4*f. Let i be t/((0 - -4)/8). Let q(l) = 2*l**2 - 2. Give q(i).
6
Let g be (0 - -1) + -6 + 2. Let d = -1 + g. Let u(w) = -w**2 - 4*w + 2. What is u(d)?
2
Let a be 50/15*12/10. Let i be ((-5)/2)/(-5)*a. Suppose -i*g - 3 = -3*g. Let n(w) = -2*w**2 + 4*w - 2. Determine n(g).
-8
Let n(g) be the third derivative of 0 - 2*g**2 - 1/24*g**4 + 0*g - 1/6*g**3. Suppose -5*c - 12 = -2*c, 0 = 2*j - 4*c - 20. What is n(j)?
-3
Let d(v) = 7*v - 2*v - 26*v**3 + 47*v**3 - 22*v**3 - 3*v**2. Suppose -4*s = 5*n + 36, 1 = 3*s + 3*n + 25. Determine d(s).
-4
Let a be 1/2 + 5/(-2). Let y = a - -5. Suppose 4*f + 8 = y*f + w, 0 = -w + 4. Let h(x) = x**3 + 5*x**2 + 5*x + 6. Determine h(f).
2
Let v(u) = 2*u**2 + 31*u + 31. Let q(b) = b**2 + 16*b + 16. Let f(c) = -11*q(c) + 6*v(c). Give f(-8).
-6
Let y(s) = 5*s - 16. Let v(x) = -2*x + 8. Let b(z) = 9*v(z) + 4*y(z). Let f be b(-6). Let k(u) = u**2 + 3*u + 1. Determine k(f).
5
Let x(u) = u**3 - 8*u**2 + 8*u - 5. Let b be 2/8 + 76/16 + 2. Calculate x(b).
2
Let f(b) = 3*b - 6. Let d(j) = -3*j + 7. Let s(m) = 2*d(m) + 3*f(m). What is s(3)?
5
Let h(x) be the third derivative of x**6/120 + x**2. Let o(i) = -i**2 + 5*i - 2. Let y be o(4). Suppose c = -c + y. Determine h(c).
1
Let v = 31 + -30. Let t(m) = -14*m**2 + 1. Calculate t(v).
-13
Let d(s) = 5*s + 1. Let f(j) = 1. Let h(g) = -d(g) + 2*f(g). Give h(4).
-19
Let o(y) = 6*y**3 - 6*y**2 - 5*y - 4. Let r(b) = -b**3 + b**2 + b + 1. Let p(h) = -o(h) - 5*r(h). Give p(1).
-1
Let p = -97 + 1165/12. Let y(c) be the third derivative of p*c**5 - c**2 + 0*c - 1/120*c**6 - 1/6*c**3 + 0 - 1/8*c**4. What is y(4)?
3
Let o be 2/10 + (-9)/(-5). Let a(i) = o + 4 - 5 - 2*i + 3*i. Determine a(4).
5
Let a(q) = -q + 1. Suppose -5*u + 35 = 4*v, -3*u + 21 = 7*v - 2*v. Calculate a(u).
-6
Let t = 5 + -2. Let w(v) = v + 2. Let c(o) = -o - 3. Let s(i) = -4*c(i) - 5*w(i). Calculate s(t).
-1
Let m(l) = 2*l**2 - 26*l + 4. Let y be m(13). Let j(w) = w**2 - 5*w + 4. Calculate j(y).
0
Let t(n) = -n**3 - 8*n**2 - 9*n - 9. Suppose -4*w - 67 = -3*y - 24, w - 3*y + 22 = 0. Calculate t(w).
5
Let r(n) = 15*n**3 + 10*n**2 - 9*n + 6. Let i(w) = 7*w**3 + 5*w**2 - 4*w + 3. Let q(f) = -13*i(f) + 6*r(f). Determine q(-4).
-11
Let v(t) = -9*t + 1. Suppose 7 = 4*f - 1. Determine v(f).
-17
Let g(x) = x**2 + 5*x. Suppose 5*k + 19 + 16 = 0. Calculate g(k).
14
Let v(u) = u**2 - 6*u + 1. Let k be v(6). Let p(l) be the first derivative of 7*l**2/2 + 31. Determine p(k).
7
Let j(p) = -p**3 - p**2 + p. Suppose -h - 8*h + 9 = 0. Give j(h).
-1
Let y(o) = 4*o**2 - 4*o + 1. Let c(t) = 4*t**2 - 5*t + 1. Let v(b) = -2*c(b) + 3*y(b). Let m(d) = -d**3 - 7*d**2 + 8*d + 1. Let q be m(-8). Determine v(q).
3
Let t(z) = -z**3 + z**2 + z + 1. Let m(v) = 5*v**3 - 7*v**2 - 5*v - 7. Let u(x) = -m(x) - 4*t(x). Suppose 3*h - 3 = 2*h. What is u(h)?
6
Let n be (39/26)/((-1)/4). Let z(g) = -g + 1. What is z(n)?
7
Let w(z) = -3*z**3 - 10*z**2 + 10*z + 5. Let c be (-6)/9*(7 - 1). Let d(v) = -5*v**3 - 29*v**2 + 29*v + 20 - 3*v**3 - 5. Let y(i) = c*d(i) + 11*w(i). Give y(5).
-10
Let s(p) = -2*p**2 + 2*p + 1. Suppose -3*n - 4 = -5*m - 25, -4*m - 10 = n. Suppose n*z + 3*w = z + 2, 0 = -z - w. Give s(z).
-3
Let t(s) = -s**3 - 2*s**2 + 3*s - 1. Suppose -5*l + 4 = 19. What is t(l)?
-1
Let c(x) = x - 10. Let f be c(12). Suppose 0 = -2*w - 2*i - 2, 0 = f*i + 2*i. Let s(k) = -10*k**2 + 1. Give s(w).
-9
Let z(w) = 2*w + 3*w - 6*w - 3. Let b(i) = -i - 7. Let d be b(-10). Determine z(d).
-6
Suppose z + 5*a = -13, 7*z = 2*z + 3*a + 19. Suppose -3*x + 3*v = 0, -4*v = -18 - z. Let j(d) be the second derivative of -d**3/6 + 7*d**2/2 + 2*d. Give j(x).
2
Let h(r) = r + 1. Let g(t) = -2 - 3 + 2 - 3*t. Suppose -i = -1, -d - 3*i = 1 - 2. Let j(q) = d*h(q) - 2*g(q). Calculate j(-3).
-8
Let r(g) = -g**3 + 4*g + 1. Let y(a) = -a**3 + 4*a**2 - a - 9. Let b be y(3). Calculate r(b).
16
Let v(x) = 3*x. Suppose 0 = -2*z + z. Let u be 4/(-2) + z/3. Calculate v(u).
-6
Let i(w) = -w**2 - 6*w - 6. Suppose -2*c = 4, 0*c + 10 = -3*j + c. What is i(j)?
2
Let v be ((-56)/(-84))/(((-8)/3)/4). Let h(k) = -14*k. Let c(i) = i. Let t(u) = -3*c(u) + h(u). Calculate t(v).
17
Suppose 5 = -2*v + 7*v. Let b(m) = 5*m - 6. Let n(h) = 11*h - 13. Let q(r) = -9*b(r) + 4*n(r). Give q(v).
1
Let o(y) = -7*y**2 + 7*y + 12*y + 2 - 24*y - y**3. Calculate o(-6).
-4
Let o(q) = -4*q - 3. Let g(u) be the third derivative of 11*u**4/24 + 3*u**3/2 - 2*u**2. Let w(t) = 3*g(t) + 8*o(t). Determine w(0).
3
Let o(g) = 3*g + 5. Suppose -2*n = 5*y - 3 - 4, 3*n - 21 = 3*y. What is o(n)?
23
Let j(a) = -4*a**2 - a - 1. Let w(z) = -z**2 + z + 1. Let u(s) = j(s) - 3*w(s). Suppose -8*f = -7*f + 4. Determine u(f).
-4
Let n(c) be the second derivative of c**4/12 - 2*c**2 + c. Calculate n(-4).
12
Let g be -1*18/2 + 2. Let k = g - -10. Let j(q) = 2*q - 5 - 3*q + 5*q**k - 4*q**3. Calculate j(0).
-5
Let c(f) = 3*f**3 - 6*f**2 - 7*f + 6. Let i(j) = 2*j**3 - 4*j**2 - 5*j + 4. Let z(